6 - 1082)?
-3
What is (8 - 29 - (8 - 5)) + 12?
-12
(30 + -2 + -8 - 3) + 6
23
-5 - (2 + -3 + 7 + -6)
-5
What is the value of 3 + (-10 - (-17 + 2) - (7 - 0))?
1
What is the value of 25 + -10 + -31 + 12?
-4
Evaluate (0 + 0 - -7) + (-61 - -63).
9
(4 - 1) + (-206 - -207)
4
What is -26 + (10 - 12) + 12 + 10 + 23?
17
Evaluate -25 - -15 - (5 - (-11 + 30)).
4
What is the value of (-5 - (-14 + -4)) + -15 + 2 + 1?
1
What is -22 + -4 + 15 + 18?
7
Evaluate 6 + -33 + (179 - 164).
-12
What is the value of 5 - (11 + -5 - 15)?
14
Calculate (6 - 15) + (23 - (-5 - -18)).
1
What is -7 - (-1 + -28 + 3 + 3)?
16
Calculate -349 - -349 - (0 + 1 + -1 - 3).
3
(-12 - -32) + 33 + -34
19
Calculate (37 + -24 - (-2 - 1)) + 5 + -6.
15
-14 + -1 - (-33 - -21)
-3
Calculate (0 - 11 - -22) + 1 + -20.
-8
Evaluate 6 + -6 + -11 + 0.
-11
Calculate 48 + (-9 - 33) - (2 - (2 - 9)).
-3
What is -38 + 27 + (-27 - -20)?
-18
What is (53 - (-69 + 120)) + (0 - -2)?
4
What is the value of 6 + (-19 - 2) - (4 + 1 + 5)?
-25
5 - (-6 + (15 - 4) + 0 - 1)
1
(-32 - -11 - -25) + -7
-3
What is the value of -1 - (8 + 2 + -7 + -3)?
-1
Calculate 3136 - 3132 - ((1 - 0) + 26).
-23
What is 32 - 72 - -36 - (-7 - (-1 - -1))?
3
What is the value of 9 + -6 + (-12 - -4) + 2?
-3
What is 7 + 0 + (-17 - -2) - (14 - -1)?
-23
What is the value of 0 - 2 - (0 + (1 - (3 + -9)))?
-9
What is the value of 12 + 11 + -13 + -17?
-7
Evaluate -8 + 13 + -15 - -7 - (9 - 6).
-6
What is 53 + -50 + (-1 - (2 + -15))?
15
Calculate -2 + 1 - (43 + -42 - (10 - -1)).
9
Evaluate 13 + (-29 - -13) - (0 - 0).
-3
5 + 1 + -16 + -9
-19
4 + (0 + -6 - -6) + -11
-7
Calculate 24 - (31 - 0) - 2.
-9
Calculate (-49 - -52 - (-3 - 1)) + -4 - -11.
14
Evaluate -39 + (5 - -5) - -9.
-20
Calculate 1 + -13 + (3 - -1) + 0 + 24.
16
-14 + (17 + -27 - -3)
-21
Calculate -9 - (1 - 3) - -15 - (38 + -54).
24
Calculate -2 - -6 - (-3 + (8 - 1 - -8)).
-8
Calculate -16 + (6 - 23) + 19.
-14
Evaluate -3 + (-11 - (-9 + (12 - 6))).
-11
What is -2 - (-7 + -1 + 29 + -26 + -7)?
10
What is the value of -5 - (20 - 11) - (5 - 22)?
3
Evaluate 2 - -8 - (14 - (26 + -12)).
10
11 - (10 + -15 + 5)
11
Calculate -8 + (99 + -92 - (-2 + -7)).
8
Calculate 5 - (4 + -3 - 1) - 8.
-3
Calculate 0 + 2 + (-15 - -37 - 37).
-13
8 + -3 - 2 - -8 - 6
5
-18 - (-21 + 11 + 10 + 5)
-23
Evaluate -2 - (12 - (-15 + 19)).
-10
What is the value of 50 + (-14 + 2 - (-3 + 8))?
33
What is the value of (-1 - (-16 + 4)) + (17 - 25)?
3
Evaluate (-20 - 0) + -723 + 750.
7
Evaluate (-6 - (9 + (-9 - -1))) + 3.
-4
What is -2 + (2 + 3 - 11) + 15?
7
-1 + 1 - (-4 - (-13 - -10))
1
What is the value of (-7 - -2) + 5 + 7 + -4 - 7?
-4
Evaluate 6 + 1 + 2 + 8 + -19.
-2
Evaluate (-16 - -12) + 7 - 18.
-15
What is the value of (11 - 22) + 15 + 6?
10
What is the value of -8 + 6 + 4 + -7 - (-1 + -18)?
14
Evaluate 1 + -10 + 2 + (-230 - -248) - -1.
12
What is the value of -9 + 0 - (-31 - -4)?
18
Evaluate (1 - 3 - (-5 - 4)) + (-6 - -4).
5
Calculate -27 - ((-4 - -15) + -11).
-27
Evaluate (-17 - -14) + (-11 + 8 - 8).
-14
Calculate -17 - (-33 - (29 - 68)).
-23
What is -18 + (71 - 28) - 38?
-13
(-15 + 7 - -1 - 5) + 11
-1
(4 - 1 - 0) + (-10 - 0) - -11
4
What is (8 - -2) + -6 + 9 + 0 + 2?
15
Calculate -13 - -12 - (6 + (-19 - -5)).
7
What is the value of 0 + -2 - ((48 - 33) + -9)?
-8
Calculate 8 - (-1 + 15 + -10 + 10).
-6
497 + -541 - (-1 - 9 - 1)
-33
What is the value of 1 - (43 - 19) - 0?
-23
What is the value of 7 + -3 + 1 + -6 + (-1 - -6)?
4
Evaluate 12 + -5 + (-6 - -6).
7
What is the value of 7 + 3 + -11 + (12 - 4) - 8?
-1
What is the value of -5 - (-11 - -1 - -4) - (6 - 7)?
2
What is the value of -2 - (-4 + 5 - 6) - 4 - -4?
3
Evaluate (71 - 62) + -2 + 16.
23
Calculate -3 - (-15 + 24 + -16).
4
Calculate (-2 - (3 - 12)) + 20 + 0 + -15.
12
Calculate 13 - 23 - (-4 + 7 - 3).
-10
-11 + 0 + (6 - 8 - (-7 - -5))
-11
-27 + 37 + -15 + -14
-19
What is 0 - (29 + -37 + 21)?
-13
-9 - 2 - (-20 - (17 + -62))
-36
What is the value of 13 + (-3 - -1 - (104 - 122))?
29
(8 - (10 + (0 - (2 - 3)))) + 12
9
(28 + -25 - 37) + 31
-3
Calculate 1 + -18 + (-22 + 21 - -32).
14
What is (-7 - (7 - 15 - -2)) + 8 - 2?
5
Evaluate (6 + 0 - 35) + 5.
-24
-4 + (7 - (-2 - -2)) - 11
-8
What is -10 - (-28 + -29 + 32)?
15
Evaluate 6 + -11 + 7 + 1 + -6.
-3
Calculate 3 - (-11 + 20 + -12 - (-1 - 7)).
-2
Calculate 2 + -16 + 0 - (-11 - 4).
1
Calculate (6 - 40) + (-71 - -84).
-21
What is the value of -1 - (-4 + 3 + (-34 - -6))?
28
What is the value of 17 + -10 - ((-1 - -5) + 4)?
-1
Calculate 8 - (-21 - -35) - (-4 + -2).
0
-10 + (-3 - -6) + 11 + (-1 - 3)
0
1 + -11 + -14 + (61 - 12)
25
What is (-8 - -14) + -13 + 0?
-7
-13 - (12 - 19) - (-1 - 10)
5
Calculate -8 + (0 - -6) + (19 - 20) - 12.
-15
(-1019 - -986) + 1 + 68
36
7 - (-8 + 0 + 3 - (12 - 14))
10
Evaluate (4 - 16 - 11) + -7 + 1 + 2.
-27
Evaluate (-7 - (-5 - -23)) + (-24 - -35).
-14
What is the value of 2 + 19 + -7 - (-8 + -1)?
23
Evaluate 2 + 11 - ((8 + -5 - 5) + 5).
10
What is (-16 + 32 - -23) + -2?
37
Evaluate (2 + (0 - 6) - -21) + -22 + 19.
14
Calculate -7 + 18 + 19 + -34.
-4
(2 - 2) + -79 + (93 - 43)
-29
What is -869 + 871 + (-1 + 15 - 1) + 1?
16
Evaluate (-1 - (-8 + 0 + -1)) + 14322 + -14334.
-4
Calculate -1 + (-1 - -20) + -70 + 70.
18
Calculate (0 - 5) + (21 + -12 - 8) + -4.
-8
What is the value of 11 - 12 - (-7 + 1 + 0)?
5
What is (6 - (-4 + 1)) + (2 - (2 - -7))?
2
What is 8 - 14 - -2 - (-7 - -1 - -9)?
-7
Evaluate -5 + 5 + 0 + -4 - (-32 - -35).
-7
(-13 - (-42 + 22)) + -8
-1
What is the value of (11 - -8) + (-4 - -3)?
18
What is (-17 - 18 - -18) + 22?
5
What is 0 + 16 + -12 - (3 + 3) - -4?
2
What is 9 + -9 + 4 + -2 + 62 + -58?
6
2 + (-7 - (-10 - 2))
7
What is 10 + -15 + -13 + 16?
-2
-5 - -32 - (30 + -10)
7
Evaluate 21 - ((-4 - -45) + -23).
3
Evaluate (-24 - -5) + 0 + 6 + 10 + -6.
-9
Calculate -10 - (11 - 11 - 17).
7
Calculate (-8 - (-18 + 19)) + 4.
-5
-9 - (-11 - ((-1 - -4) + -9))
-4
What is (5 - -1) + -26 + (-25 - (-32 + 14))?
-27
What is the value of -9 + -11 - 5 - -17?
-8
What is 29 + -13 + (2 - 20)?
-2
11 - -6 - 14 - (-3 + -6 + 3)
9
-28 + (45 - 29 - -34)
22
(-10 + -4 - (4 - 2)) + 6
-10
What is -29 - -20 - (-22 - 0)?
13
What is (6 - (11 + (3 - 10))) + (-4 - 2)?
-4
What is the value of (-5 - -27 - 16) + 1 + -1?
6
What is -13 - (0 + 1) - -4 - (-39 + 32)?
-3
What is -26 + -27 + -1 + 461 + -444?
-37
Calculate 19 + (12 - 16) + -15.
0
(16 - (-18 + 21) - -1) + -46
-32
(1 - -8 - 3 - 15) + (-4 - 0)
-13
Calculate 17 + (5 + -34 - -38 - (-1 + 0)).
27
Evaluate (-13 - -11) + -3 - 8.
-13
Evaluate -15 + -1 + (8 - -4 - -12).
8
Calculate -2 - 50 - (173 + -210).
-15
Calculate (-3 - -8) + (-5 - -9) + (3 - 4).
8
(2 + 8 - 16) + 12 - (0 - 9)
15
(-6 - 7) + 5 + 0 + 11
3
Evaluate (-12 - -24) + (0 - 14).
-2
Calculate -6 - 3 - (17 + -13).
-13
Evaluate 1 + 4 - (-452 - -476).
-19
What is the value of -5 + 3 + -6 + 13 + 1?
6
What is 0 + (-3 - (0 - 0)) + (-148 - -148)?
-3
What is the value of -1 + 10 - (-42 - (-25 + -4))?
22
Evaluate 11 - (-11 - -14) - 4.
4
Calculate -3 + -11 + (-3 - -3) - -6.
-8
What is the value of 24 - -3 - (-107 + 129)?
5
Calculate 2 + -4 + (-2 - 2).
-6
-23 + -21 + (50 - 8)
-2
What is the value of -2 - (-27 - (7 + -42))?
-10
-23 + 46 + -11 - 17
-5
Evaluate (8 - 13) + -9 + 23.
9
Calculate -35 + (33 - (-14 + 21)).
-9
What is the value of (-7 - 1) + (-3 - (-2 - (-5 - -18)))?
4
What is the value of (12 - 5) + 1 + -1 + (2 - -1)?
10
What is the value of (-1 - -3 - -2) + -3 - 2?
-1
What is 3 + (0 - 6 - -5) + 1 - 5?
-2
What is the value of (15 - 18) + -2 + 0 + 7?
2
Evaluate 0 - -11 - (-25 + 52).
-16
Calculate 5 + -30 + 11 - (4 + -6).
-12
Calculate -1 + 0 + (80 - (-38 + 127)).
-10
What is -1 + -7 + 1 + 1 - -10?
4
Evaluate (15 + -2 + -3 - 12) + 20.
18
What is the value of -7 - (1 + -4 + (-1 - 0))?
-3
Calculate (11 - 1) + 4 - 8.
6
-30 + 13 - -3 - (-9 + -3)
-2
What is 60 + -29 + -41 + 38?
28
What is the value of 16 - (-1 + 10) - (0 + -3 + 1)?
9
Evaluate -10 - ((-13 - 3) + (-1 - -8)).
-1
Evaluate 14 + (4 - 1 - (3 - -4)).
10
Evaluate (-15 - -2) + -44 + 35.
-22
Calculate 12 + -35 - -16 - -2.
-5
What is (39 - 75) + -3 - -53?
14
What is -9 + 11 + -21 - -43?
24
What is (-34 - (12 - 43)) + 37?
34
Calculate 2 + (-1 + 9 - (31 - 29)).
8
What is -24 + (17 - 0) - 7?
-14
What is (-8 - (-23 - (10 + -14))) + -37?
-26
What is the value of 15 + -6 - -5 - (-147 + 171)?
-